e?
True
Suppose 20*m - 12*m - 8440 = 0. Let t = -479 - -729. Suppose 2*s = 5*b - m, 0 = -b + s + t - 39. Is b a prime number?
True
Let t(d) = -6*d + 13. Let p(n) = 7*n - 12. Let a(j) = -2*p(j) - 3*t(j). Is a(12) composite?
True
Suppose 87647 = 172*c - 165*c. Is c composite?
True
Let x(j) = 21*j**3 + 1. Let o be x(-1). Is (o/6 + 3)*(-3342)/2 a prime number?
True
Let v(y) = -2*y + 10. Let t(l) = -l + 1. Let w(i) = -3*t(i) + v(i). Is w(18) prime?
False
Is 4/(-54) + (-5728)/(-54) prime?
False
Let s(r) = 8*r**2 - 7*r - 11. Let c be s(-11). Let u = -477 + c. Is u a prime number?
True
Let r(v) be the second derivative of 0 + 13/2*v**3 - 1/2*v**2 - v. Is r(2) a prime number?
False
Let b = 7561 + -4820. Is b a composite number?
False
Suppose 144408 = -l + 25*l. Is l prime?
False
Suppose -2*a + 7*a = 75935. Is a composite?
False
Let j(b) = 856*b + 1126. Is j(16) composite?
True
Suppose -2*p = -5306 - 3704. Suppose -9*c + p = -4*c. Is c prime?
False
Is (3 - -10 - 11)*12777/6 a composite number?
False
Suppose 12*d - 694 = 11*d. Is d - 3/(4/4) a prime number?
True
Let d(m) = -2*m**3 - 4*m**2 + 2*m + 3. Let w(r) = 2*r + 2. Let b be w(6). Let x = 9 - b. Is d(x) a prime number?
False
Suppose 5*j + 199110 = 15*j. Is j a prime number?
False
Let s be (-3)/(3/1) + 5. Suppose 520 = -0*i + 3*i - s*d, 5*i = d + 861. Is 1*(-1)/(-2)*i composite?
True
Let r(b) be the third derivative of 79*b**4/24 + b**3/2 + 6*b**2. Let p be r(-10). Let f = p + 1168. Is f prime?
False
Suppose -5*u = -6*u - b + 7280, -21835 = -3*u + 2*b. Is u a composite number?
True
Let w(t) = t**2 - 13*t + 6. Let p be (-18)/(-42) - 201/(-21). Let j be w(p). Let y = j - -151. Is y a composite number?
False
Suppose 4 = -5*n + 6*n. Suppose -17 = n*p - 93. Is p a composite number?
False
Let w = 3592 - 1899. Is w a composite number?
False
Let r(l) = 8*l**3 + 14*l**2 + 6*l - 9. Is r(4) composite?
False
Suppose -12 = -2*d - d. Suppose 1745 + 787 = d*l. Is l a prime number?
False
Let d be (-3 - 0) + 1 - -41. Suppose -r = -d - 46. Is r a composite number?
True
Let f(n) = n + 11. Let p be f(-11). Suppose -15*m + 13*m + 2798 = p. Is m a composite number?
False
Suppose -13*m = -7*m + 270. Let p(r) = 4*r + 18. Let t be p(-12). Let f = t - m. Is f prime?
False
Let c(r) = r**3 + r**2 + r. Let q be c(0). Suppose -3*k + 5*f + 3312 = q, k - 2*k - 3*f + 1090 = 0. Is k prime?
False
Let o(z) = 2*z - 12. Let y be o(8). Suppose t - y*n = 119, 7*t - 4*t + 2*n = 399. Is 1/6*t*6 a prime number?
True
Suppose 2*h + 5*j = -0*j, -4*h - 2*j = 0. Suppose -2*c = 4*d - 1020 + 76, 3*d + 4*c - 703 = h. Is d prime?
False
Suppose -5*g + 3*g = 12. Let o be (-15)/g*(-8)/(-10). Suppose -r - o*h = -119, r - 550 = -4*r - h. Is r prime?
True
Suppose 13*k - 22*k = -69777. Is k composite?
False
Suppose g - 17 = 4*r, 5*g - 5*r - 10 = -0*g. Is (14/g + 1)*-237 a composite number?
True
Let v(c) be the second derivative of -c**5/10 + 5*c**4/3 + c**3/6 - 19*c. Is v(10) composite?
True
Let z be (-104)/2*(-9)/(45/(-10)). Let c be 236/(-6)*(-30)/(-4). Let w = z - c. Is w a prime number?
True
Suppose 6*a - 54 = -0*a. Let b = a - 9. Suppose -f + 5*i + 262 = b, -2*f + 3*f - 4*i - 263 = 0. Is f a prime number?
False
Let m(v) be the second derivative of v**7/2520 - v**6/720 + v**5/24 + v**4/6 + 11*v. Let r(j) be the third derivative of m(j). Is r(5) composite?
True
Let o be (3/6 - -1)/(3/2). Is (557*o)/(-4 - -5) composite?
False
Let y = -82 - -218. Let p = y - -3. Is p prime?
True
Let m(a) = 0*a - a**2 + 3 + a + 6*a**2. Let x(u) = u**2 - 8*u + 8. Let z be x(6). Is m(z) composite?
False
Suppose 5*y + 21 = -24. Let w be y/(-18) + (-230)/(-4). Suppose -w = -3*h - 16. Is h prime?
False
Let m = 139 + -137. Suppose 5*a = 2*a + 4*u + 1607, -m*u - 1615 = -3*a. Is a composite?
False
Let q be (-4180)/(-18) - (-18)/(-81). Suppose 0*h = 4*h - q. Is h a composite number?
True
Let g(q) = q - 6. Let d(n) = 2*n**2 + 2*n + 9. Let i be d(0). Let f be g(i). Suppose -f*v + 110 = -121. Is v prime?
False
Let g(q) = 5 + 113*q + 88*q - 25*q. Is g(4) composite?
False
Is (-2 - -3848) + (5 - 8/4) a composite number?
True
Suppose -14*i = -8*i - 18474. Is i a composite number?
False
Let r(u) be the third derivative of -u**6/120 + u**5/10 - 5*u**3/6 - u**2. Let l(p) = p**3 + 5*p**2 + 42*p + 104. Let b be l(-3). Is r(b) a composite number?
True
Let d = 5 + 11. Let g = 66 - d. Is (-234)/(-10) - 20/g prime?
True
Let l be 522 - (-4 + -1 - 12/(-4)). Let t = 817 - l. Is t a prime number?
True
Suppose -15 = -5*x - 5*n, 32 = 4*x - n + 10. Let k(f) = 6*f**3 - f. Let l be k(1). Let s = l + x. Is s a prime number?
False
Let d = 91 + -42. Let v = d + 18. Is v a composite number?
False
Let j(r) = 37*r**2 - 5*r + 14. Let z be j(3). Let u = -6 + 9. Suppose 0 = -y - u*y + z. Is y a composite number?
False
Suppose -9 = -3*s - 2*h, h = -3*h - 12. Suppose -s*y + 4*y = -2. Is (6687/18)/(y/4) a composite number?
False
Is (0 - (-4)/5)/((-4)/(-67910)) a prime number?
False
Let z = 83083 - 39656. Is z composite?
False
Suppose 135 = -3*u + 3*b, -u - 2*b - 34 = 8. Let d = u - -253. Is d composite?
True
Suppose 2*s - 15 = 7. Suppose -3*d + 4 = -s. Suppose -462 = d*y - 2947. Is y prime?
False
Suppose 19 - 5 = 7*v. Suppose v*k = 4*k - 3014. Is k a prime number?
False
Let j(o) = o**3 + 12*o**2 + o + 17. Let b be j(-12). Suppose v - u - 1821 = -0*v, b*v + 5*u - 9125 = 0. Is v a composite number?
False
Suppose 10 = 2*m + 18. Is m/(-12) - (-3192)/9 prime?
False
Suppose 10 = m + 4*m. Suppose -5*o = -m*o + 948. Let d = o + 565. Is d a prime number?
False
Let o = -722 - -2119. Is o prime?
False
Let r = 13 - -94. Let j = r + 275. Is j prime?
False
Suppose -2*i = -4*i - 24. Let g = 18 + i. Is g prime?
False
Suppose -17*p - q = -18*p + 2158, -5*q = -p + 2162. Is p prime?
False
Suppose 3*s = -3*q + 56502, 9*q - 5*s - 94160 = 4*q. Is q prime?
False
Let q = 1003 - 1764. Let a = q - -1644. Is a a prime number?
True
Let r = -18 + 21. Suppose r*z - 6 + 0 = 0. Is -43*z*1/(-2) a composite number?
False
Let q be (30/(-25))/(1/5). Is 2 + q - (-1475 - 6) prime?
False
Let t be ((-33)/22)/((-6)/20). Let d(h) = 30*h**2 - 6*h + 3. Let u be d(4). Suppose -t*w = -u - 131. Is w a composite number?
True
Let u = 2199 + -3406. Let i = 1744 + u. Is i a prime number?
False
Suppose -3 = 3*i - 0. Let a be i/(((-6)/(-9))/(-2)). Suppose w - 24 = -a*s + 1, -s = 4*w - 78. Is w prime?
True
Suppose 4*b - 5093 = -k, 0*b = -4*b - 5*k + 5097. Suppose 3*g - b = 74. Is g a composite number?
False
Let l be 3 - (0 + 3 + -3). Let z(i) = -l - 4 + 4*i + 0 - 2. Is z(6) prime?
False
Is (-1350 - (-20)/5)*(-3)/6 a prime number?
True
Let h be (-72)/5 + 2/5. Let v be (1 + 2)/((-21)/h). Suppose -3*f - 10 = v*f, -3886 = -4*a + f. Is a a prime number?
True
Is ((-346)/8 - 6)*-148 composite?
True
Suppose -2*f + 24384 = 2*k, f - 26257 = -4*k + 22526. Is k composite?
False
Let x(z) = -z**2 - z - 10. Let y(d) = d**2 + d. Let c be y(0). Let w be x(c). Let h = 79 - w. Is h a prime number?
True
Is 1052 + 2 - 5/(30/(-18)) a prime number?
False
Let i be -18*(1 - (-1 - -3)). Let g be 1/((4/(-20))/(-5 - -4)). Suppose 2*f - g*f = -i. Is f composite?
True
Suppose -i + 0*i + 8 = -4*v, 3*i + 6 = -3*v. Let s be -4 + 3 + i/(-2). Is (-3 - s)*(-175)/14 a composite number?
True
Let s = 28405 + -18282. Is s a composite number?
True
Let j(q) = -5 - 100*q + 0 - 15. Let y be j(5). Let a = y - -1091. Is a a composite number?
False
Suppose b = 14 - 9. Suppose -b*i + 9430 = 5*d, 4*d - 3*i - 2570 = 4995. Is d a prime number?
True
Let r(b) = -5*b - 35. Let u be r(-5). Let h = 39 - -78. Let f = h - u. Is f a prime number?
True
Let x(n) = -n**2 + 9*n - 10. Let v = 19 - 12. Let b be x(v). Suppose -b*a = -6*a + 958. Is a a prime number?
True
Let h(c) be the third derivative of 7*c**5/15 + c**4/12 + 5*c**3/6 - 2*c**2. Let t be h(-4). Suppose 2*n - t = -3*n. Is n prime?
True
Let f be 16/(-6)*(-12 + 9). Let c(x) = 28*x + 14. Let u be c(f). Suppose 5*g - 3*k - 162 - u = 0, -390 = -5*g + 5*k. Is g composite?
False
Let k(r) = -1. Let a be (-1 - -1) + (-5 - -6). Let h(g) = -36*g + 2. Let d(w) = a*h(w) - 3*k(w). Is d(-4) composite?
False
Let b = -467 + 332. Let n = 224 + b. Is n a prime number?
True
Suppose 0 = 5*x - 4*x - 5*i - 26, 0 = -3*x - 4*i - 17. Let c(p) = 123*p + 2. Let t(a) = 123*a + 3. Let j(l) = 5*c(l